{"id":52,"date":"2020-01-30T06:47:16","date_gmt":"2020-01-30T05:47:16","guid":{"rendered":"http:\/\/sch\u00fctzen-heddesheim.de\/?page_id=52"},"modified":"2025-05-29T08:51:59","modified_gmt":"2025-05-29T06:51:59","slug":"mitgliedschaft","status":"publish","type":"page","link":"https:\/\/www.sch\u00fctzen-heddesheim.de\/index.php\/mitgliedschaft\/","title":{"rendered":"Mitgliedschaft"},"content":{"rendered":"\n<p>Wer sich unseren Verein einmal pers\u00f6nlich anschauen will, kann gerne im Sch\u00fctzenhaus vorbeischauen.<br>\u00d6ffnungszeiten:<br>jeden Mittwoch im Monat: 18:00 \u2013 21:00 Uhr<br>jeden 1. Sonntag im Monat: 09:30 \u2013 12:00 Uhr<br>jeden 3. Freitag im Monat: 18:00 \u2013 21:00 Uhr<\/p>\n\n\n\n<p>Wenn Sie unserem Verein beitreten wollen, ben\u00f6tigen wir von Ihnen:<br>schriftliche Anmeldung (Aufnahmeformular) &gt; erh\u00e4ltlich im Sch\u00fctzenhaus<br>Unterschriebenes Lastschriftmandat (fr\u00fcher Einzugserm\u00e4chtigung)<br>Nur f\u00fcr Minderj\u00e4hrige: Einverst\u00e4ndniserkl\u00e4rung der Erziehungsberechtigten<\/p>\n\n\n\n<p>Trainingszeiten:<br>jeden Mittwoch im Monat: 18:00 \u2013 21:00 Uhr<br>jeden 1. Sonntag im Monat: 09:30 \u2013 12:00 Uhr<br>jeden 3. Freitag im Monat: 18:00 \u2013 21:00 Uhr<\/p>\n\n\n\n<p>Als zus\u00e4tzlicher Trainingstag steht auf Absprache auch der Samstag zur Verf\u00fcgung.<br>Sie k\u00f6nnen bei uns mit ihrer eigenen Waffe schie\u00dfen, Sie k\u00f6nnen sich eine Vereinswaffe ausleihen, oder Sie k\u00f6nnen unter bestimmten Voraussetzungen eine Waffe erwerben.<\/p>\n\n\n\n<p>Voraussetzungen f\u00fcr den Erwerb einer Waffe: informieren Sie sich hier.<\/p>\n","protected":false},"excerpt":{"rendered":"<p>Wer sich unseren Verein einmal pers\u00f6nlich anschauen will, kann gerne im Sch\u00fctzenhaus vorbeischauen.\u00d6ffnungszeiten:jeden Mittwoch im Monat: 18:00 \u2013 21:00 Uhrjeden<\/p>\n","protected":false},"author":1,"featured_media":0,"parent":0,"menu_order":0,"comment_status":"closed","ping_status":"closed","template":"","meta":{"footnotes":""},"_links":{"self":[{"href":"https:\/\/www.sch\u00fctzen-heddesheim.de\/index.php\/wp-json\/wp\/v2\/pages\/52"}],"collection":[{"href":"https:\/\/www.sch\u00fctzen-heddesheim.de\/index.php\/wp-json\/wp\/v2\/pages"}],"about":[{"href":"https:\/\/www.sch\u00fctzen-heddesheim.de\/index.php\/wp-json\/wp\/v2\/types\/page"}],"author":[{"embeddable":true,"href":"https:\/\/www.sch\u00fctzen-heddesheim.de\/index.php\/wp-json\/wp\/v2\/users\/1"}],"replies":[{"embeddable":true,"href":"https:\/\/www.sch\u00fctzen-heddesheim.de\/index.php\/wp-json\/wp\/v2\/comments?post=52"}],"version-history":[{"count":2,"href":"https:\/\/www.sch\u00fctzen-heddesheim.de\/index.php\/wp-json\/wp\/v2\/pages\/52\/revisions"}],"predecessor-version":[{"id":752,"href":"https:\/\/www.sch\u00fctzen-heddesheim.de\/index.php\/wp-json\/wp\/v2\/pages\/52\/revisions\/752"}],"wp:attachment":[{"href":"https:\/\/www.sch\u00fctzen-heddesheim.de\/index.php\/wp-json\/wp\/v2\/media?parent=52"}],"curies":[{"name":"wp","href":"https:\/\/api.w.org\/{rel}","templated":true}]}}